{"id":116,"date":"2025-08-26T12:25:02","date_gmt":"2025-08-26T10:25:02","guid":{"rendered":"https:\/\/www.escolaniadelarioja.es\/?page_id=116"},"modified":"2025-11-12T23:24:34","modified_gmt":"2025-11-12T22:24:34","slug":"eventos-y-actuaciones","status":"publish","type":"page","link":"https:\/\/www.escolaniadelarioja.es\/index.php\/eventos-y-actuaciones\/","title":{"rendered":"Eventos y actuaciones"},"content":{"rendered":"\n<p>En\u00a0<strong>Escolan\u00eda de La Rioja<\/strong>, la m\u00fasica coral se convierte en una experiencia inolvidable. <\/p>\n\n\n\n<p>Nuestra coral polif\u00f3nica ofrece conciertos, bodas y eventos culturales con un repertorio que emociona y enriquece cada celebraci\u00f3n. <\/p>\n\n\n\n<p>D\u00e9jate envolver por la armon\u00eda de nuestras voces y lleva tu evento a otro nivel de elegancia y emoci\u00f3n.<\/p>\n\n\n\n<p><\/p>\n","protected":false},"excerpt":{"rendered":"<p>En\u00a0Escolan\u00eda de La Rioja, la m\u00fasica coral se convierte en una experiencia inolvidable. Nuestra coral polif\u00f3nica ofrece conciertos, bodas y eventos culturales con un repertorio que emociona y enriquece cada celebraci\u00f3n. D\u00e9jate envolver por la armon\u00eda de nuestras voces y lleva tu evento a otro nivel de elegancia y emoci\u00f3n.<\/p>\n","protected":false},"author":1,"featured_media":0,"parent":0,"menu_order":0,"comment_status":"closed","ping_status":"closed","template":"","meta":{"neve_meta_sidebar":"","neve_meta_container":"","neve_meta_enable_content_width":"","neve_meta_content_width":0,"neve_meta_title_alignment":"","neve_meta_author_avatar":"","neve_post_elements_order":"","neve_meta_disable_header":"","neve_meta_disable_footer":"","neve_meta_disable_title":"","footnotes":""},"class_list":["post-116","page","type-page","status-publish","hentry"],"_links":{"self":[{"href":"https:\/\/www.escolaniadelarioja.es\/index.php\/wp-json\/wp\/v2\/pages\/116","targetHints":{"allow":["GET"]}}],"collection":[{"href":"https:\/\/www.escolaniadelarioja.es\/index.php\/wp-json\/wp\/v2\/pages"}],"about":[{"href":"https:\/\/www.escolaniadelarioja.es\/index.php\/wp-json\/wp\/v2\/types\/page"}],"author":[{"embeddable":true,"href":"https:\/\/www.escolaniadelarioja.es\/index.php\/wp-json\/wp\/v2\/users\/1"}],"replies":[{"embeddable":true,"href":"https:\/\/www.escolaniadelarioja.es\/index.php\/wp-json\/wp\/v2\/comments?post=116"}],"version-history":[{"count":3,"href":"https:\/\/www.escolaniadelarioja.es\/index.php\/wp-json\/wp\/v2\/pages\/116\/revisions"}],"predecessor-version":[{"id":308,"href":"https:\/\/www.escolaniadelarioja.es\/index.php\/wp-json\/wp\/v2\/pages\/116\/revisions\/308"}],"wp:attachment":[{"href":"https:\/\/www.escolaniadelarioja.es\/index.php\/wp-json\/wp\/v2\/media?parent=116"}],"curies":[{"name":"wp","href":"https:\/\/api.w.org\/{rel}","templated":true}]}}

<p>En <strong>Escolanía de La Rioja</strong>, la música coral se convierte en una experiencia inolvidable. </p>



<p>Nuestra coral polifónica ofrece conciertos, bodas y eventos culturales con un repertorio que emociona y enriquece cada celebración. </p>



<p>Déjate envolver por la armonía de nuestras voces y lleva tu evento a otro nivel de elegancia y emoción.</p>



<p></p>

<p>En Escolanía de La Rioja, la música coral se convierte en una experiencia inolvidable. Nuestra coral polifónica ofrece conciertos, bodas y eventos culturales con un repertorio que emociona y enriquece cada celebración. Déjate envolver por la armonía de nuestras voces y lleva tu evento a otro nivel de elegancia y emoción.</p>
