{"id":118,"date":"2025-08-26T12:41:41","date_gmt":"2025-08-26T10:41:41","guid":{"rendered":"https:\/\/www.escolaniadelarioja.es\/?page_id=118"},"modified":"2026-01-28T11:13:29","modified_gmt":"2026-01-28T10:13:29","slug":"conciertos","status":"publish","type":"page","link":"https:\/\/www.escolaniadelarioja.es\/index.php\/conciertos\/","title":{"rendered":"CONCIERTOS"},"content":{"rendered":"<table>\n<tbody>\n<tr>\n<td>\n<h4>\u00a0\u00a0 \u00a0 <span style=\"color: #800080;\"><strong>A\u00f1o 2026<\/strong><\/span><\/h4>\n<ul>\n<li style=\"list-style-type: none;\">\n<ul>\n<li>\n<h5>25 de Enero : Misa San Pablo Apostol<\/h5>\n<\/li>\n<\/ul>\n<\/li>\n<\/ul>\n<h4 style=\"padding-left: 40px;\"><span style=\"color: #800080;\"><strong>A\u00f1o 2025<\/strong><\/span><\/h4>\n<ul>\n<li style=\"list-style-type: none;\">\n<ul>\n<li>\n<h5>23 de Diciembre: Concierto en V\u00e9gola (Arr\u00fabal)<\/h5>\n<\/li>\n<li>\n<h5>21 de Diciembre: Misa San Jos\u00e9 Obrero<\/h5>\n<\/li>\n<li>\n<h5>21 de Diciembre: Concierto San Bartolom\u00e9, Cofrad\u00eda Logro\u00f1esa de San Bernab\u00e9<\/h5>\n<\/li>\n<li>\n<h5>23 de noviembre: misa, Parroquia del Buen Pastor Logro\u00f1o)<\/h5>\n<\/li>\n<li>\n<h5>26 de enero: Eucarist\u00eda de las Familias, Parroquia de San Pablo Ap\u00f3stol (Logro\u00f1o)<\/h5>\n<\/li>\n<\/ul>\n<\/li>\n<\/ul>\n<h4 style=\"padding-left: 40px;\"><span style=\"color: #800080;\"><strong>A\u00f1o 2024<\/strong><\/span><\/h4>\n<ul>\n<li style=\"list-style-type: none;\">\n<ul>\n<li>\n<h5>28 de enero: misa, Parroquia de San Pablo Ap\u00f3stol (Logro\u00f1o)<\/h5>\n<\/li>\n<li>\n<h5>20 de diciembre: concierto ben\u00e9fico a favor de los damnificados por la DANA, Iglesia de San Bartolom\u00e9 (Logro\u00f1o)<\/h5>\n<\/li>\n<\/ul>\n<\/li>\n<\/ul>\n<h4 style=\"padding-left: 40px;\"><span style=\"color: #800080;\"><strong>A\u00f1o 2023<\/strong><\/span><\/h4>\n<ul>\n<li style=\"list-style-type: none;\">\n<ul>\n<li>\n<h5>24 de enero:colaboraci\u00f3n en la temporada 38 de Rijaforum, Sala de C\u00e1mara de Riojaforum, (Logro\u00f1o)<\/h5>\n<\/li>\n<li>\n<h5>25 de febrero: Concierto a favor del Banco de Alimentos\u00a0 (Ayuntamiento de Logro\u00f1o)<\/h5>\n<\/li>\n<li>\n<h5>9 de junio: misa del Colegio de Ingenieros T\u00e9cnicos Industriales , Iglesia de San Bartolom\u00e9 (Logro\u00f1o)<\/h5>\n<\/li>\n<li>\n<h5>22 de diciembre: concierto navide\u00f1o (Iglesia de San Bartolom\u00e9, Logro\u00f1o)<\/h5>\n<\/li>\n<\/ul>\n<\/li>\n<\/ul>\n<h4 style=\"padding-left: 40px;\"><span style=\"color: #800080;\"><strong>A\u00f1o 2022<\/strong><\/span><\/h4>\n<ul>\n<li style=\"list-style-type: none;\">\n<ul>\n<li>\n<h5>1 de mayo: misa y recital, Parroquia de San Jos\u00e9 Obrero (Logro\u00f1o)<\/h5>\n<\/li>\n<li>\n<h5>1 de octubre: concierto solidario a favor de Arepak (Ayuntamiento de Logro\u00f1o)<\/h5>\n<\/li>\n<li>\n<h5>18 de diciembre: misa y recital ,Parroquia San Jos\u00e9 Obrero, Logro\u00f1o)<\/h5>\n<\/li>\n<li>\n<h5>23 de diciembre: concierto (Iglesia de San Bartolom\u00e9, Logro\u00f1o)<\/h5>\n<\/li>\n<\/ul>\n<\/li>\n<\/ul>\n<h4 style=\"padding-left: 40px;\">\u00a0A<span style=\"color: #800080;\"><strong>\u00f1o 2020<\/strong><\/span><\/h4>\n<ul>\n<li style=\"list-style-type: none;\">\n<ul>\n<li>\n<h5>20 de septiembre: concierto (Iglesia de Santa Mar\u00eda, Viana,\u00a0 Navarra)<\/h5>\n<\/li>\n<\/ul>\n<\/li>\n<\/ul>\n<ul>\n<li style=\"list-style-type: none;\">\n<ul>\n<li>\n<h5>18 de diciembre: misa y recital (Parroquia San Jos\u00e9 Obrero, Logro\u00f1o)<\/h5>\n<\/li>\n<\/ul>\n<\/li>\n<\/ul>\n<ul>\n<li style=\"list-style-type: none;\">\u00a0<\/li>\n<\/ul>\n<\/td>\n<\/tr>\n<\/tbody>\n<\/table>\n\n\n<p><\/p>\n","protected":false},"excerpt":{"rendered":"<p>\u00a0\u00a0 \u00a0 A\u00f1o 2026 25 de Enero : Misa San Pablo Apostol A\u00f1o 2025 23 de Diciembre: Concierto en V\u00e9gola (Arr\u00fabal) 21 de Diciembre: Misa San Jos\u00e9 Obrero 21 de Diciembre: Concierto San Bartolom\u00e9, Cofrad\u00eda Logro\u00f1esa de San Bernab\u00e9 23 de noviembre: misa, Parroquia del Buen Pastor Logro\u00f1o) 26 de enero: Eucarist\u00eda de las Familias,&hellip;&nbsp;<a href=\"https:\/\/www.escolaniadelarioja.es\/index.php\/conciertos\/\" rel=\"bookmark\"><span class=\"screen-reader-text\">CONCIERTOS<\/span><\/a><\/p>\n","protected":false},"author":1,"featured_media":0,"parent":0,"menu_order":0,"comment_status":"closed","ping_status":"closed","template":"","meta":{"neve_meta_sidebar":"","neve_meta_container":"","neve_meta_enable_content_width":"","neve_meta_content_width":0,"neve_meta_title_alignment":"","neve_meta_author_avatar":"","neve_post_elements_order":"","neve_meta_disable_header":"","neve_meta_disable_footer":"","neve_meta_disable_title":"","footnotes":""},"class_list":["post-118","page","type-page","status-publish","hentry"],"_links":{"self":[{"href":"https:\/\/www.escolaniadelarioja.es\/index.php\/wp-json\/wp\/v2\/pages\/118","targetHints":{"allow":["GET"]}}],"collection":[{"href":"https:\/\/www.escolaniadelarioja.es\/index.php\/wp-json\/wp\/v2\/pages"}],"about":[{"href":"https:\/\/www.escolaniadelarioja.es\/index.php\/wp-json\/wp\/v2\/types\/page"}],"author":[{"embeddable":true,"href":"https:\/\/www.escolaniadelarioja.es\/index.php\/wp-json\/wp\/v2\/users\/1"}],"replies":[{"embeddable":true,"href":"https:\/\/www.escolaniadelarioja.es\/index.php\/wp-json\/wp\/v2\/comments?post=118"}],"version-history":[{"count":11,"href":"https:\/\/www.escolaniadelarioja.es\/index.php\/wp-json\/wp\/v2\/pages\/118\/revisions"}],"predecessor-version":[{"id":381,"href":"https:\/\/www.escolaniadelarioja.es\/index.php\/wp-json\/wp\/v2\/pages\/118\/revisions\/381"}],"wp:attachment":[{"href":"https:\/\/www.escolaniadelarioja.es\/index.php\/wp-json\/wp\/v2\/media?parent=118"}],"curies":[{"name":"wp","href":"https:\/\/api.w.org\/{rel}","templated":true}]}}

<table>
<tbody>
<tr>
<td>
<h4>     <span style="color: #800080;"><strong>Año 2026</strong></span></h4>
<ul>
<li style="list-style-type: none;">
<ul>
<li>
<h5>25 de Enero : Misa San Pablo Apostol</h5>
</li>
</ul>
</li>
</ul>
<h4 style="padding-left: 40px;"><span style="color: #800080;"><strong>Año 2025</strong></span></h4>
<ul>
<li style="list-style-type: none;">
<ul>
<li>
<h5>23 de Diciembre: Concierto en Végola (Arrúbal)</h5>
</li>
<li>
<h5>21 de Diciembre: Misa San José Obrero</h5>
</li>
<li>
<h5>21 de Diciembre: Concierto San Bartolomé, Cofradía Logroñesa de San Bernabé</h5>
</li>
<li>
<h5>23 de noviembre: misa, Parroquia del Buen Pastor Logroño)</h5>
</li>
<li>
<h5>26 de enero: Eucaristía de las Familias, Parroquia de San Pablo Apóstol (Logroño)</h5>
</li>
</ul>
</li>
</ul>
<h4 style="padding-left: 40px;"><span style="color: #800080;"><strong>Año 2024</strong></span></h4>
<ul>
<li style="list-style-type: none;">
<ul>
<li>
<h5>28 de enero: misa, Parroquia de San Pablo Apóstol (Logroño)</h5>
</li>
<li>
<h5>20 de diciembre: concierto benéfico a favor de los damnificados por la DANA, Iglesia de San Bartolomé (Logroño)</h5>
</li>
</ul>
</li>
</ul>
<h4 style="padding-left: 40px;"><span style="color: #800080;"><strong>Año 2023</strong></span></h4>
<ul>
<li style="list-style-type: none;">
<ul>
<li>
<h5>24 de enero:colaboración en la temporada 38 de Rijaforum, Sala de Cámara de Riojaforum, (Logroño)</h5>
</li>
<li>
<h5>25 de febrero: Concierto a favor del Banco de Alimentos  (Ayuntamiento de Logroño)</h5>
</li>
<li>
<h5>9 de junio: misa del Colegio de Ingenieros Técnicos Industriales , Iglesia de San Bartolomé (Logroño)</h5>
</li>
<li>
<h5>22 de diciembre: concierto navideño (Iglesia de San Bartolomé, Logroño)</h5>
</li>
</ul>
</li>
</ul>
<h4 style="padding-left: 40px;"><span style="color: #800080;"><strong>Año 2022</strong></span></h4>
<ul>
<li style="list-style-type: none;">
<ul>
<li>
<h5>1 de mayo: misa y recital, Parroquia de San José Obrero (Logroño)</h5>
</li>
<li>
<h5>1 de octubre: concierto solidario a favor de Arepak (Ayuntamiento de Logroño)</h5>
</li>
<li>
<h5>18 de diciembre: misa y recital ,Parroquia San José Obrero, Logroño)</h5>
</li>
<li>
<h5>23 de diciembre: concierto (Iglesia de San Bartolomé, Logroño)</h5>
</li>
</ul>
</li>
</ul>
<h4 style="padding-left: 40px;"> A<span style="color: #800080;"><strong>ño 2020</strong></span></h4>
<ul>
<li style="list-style-type: none;">
<ul>
<li>
<h5>20 de septiembre: concierto (Iglesia de Santa María, Viana,  Navarra)</h5>
</li>
</ul>
</li>
</ul>
<ul>
<li style="list-style-type: none;">
<ul>
<li>
<h5>18 de diciembre: misa y recital (Parroquia San José Obrero, Logroño)</h5>
</li>
</ul>
</li>
</ul>
<ul>
<li style="list-style-type: none;"> </li>
</ul>
</td>
</tr>
</tbody>
</table>


<p></p>

<p>     Año 2026 25 de Enero : Misa San Pablo Apostol Año 2025 23 de Diciembre: Concierto en Végola (Arrúbal) 21 de Diciembre: Misa San José Obrero 21 de Diciembre: Concierto San Bartolomé, Cofradía Logroñesa de San Bernabé 23 de noviembre: misa, Parroquia del Buen Pastor Logroño) 26 de enero: Eucaristía de las Familias,&hellip;&nbsp;<a href="https://www.escolaniadelarioja.es/index.php/conciertos/" rel="bookmark"><span class="screen-reader-text">CONCIERTOS</span></a></p>
